ppose -3*f = 3*w - d, 4*w + 3*f - 66 + 13 = 0. What is the tens digit of w?
1
Let b(w) be the third derivative of 0*w - 1/120*w**6 - 7/6*w**3 - 5*w**2 + 2/3*w**4 + 13/60*w**5 + 0. What is the units digit of b(14)?
1
Let s(u) = u**2 - 5. Let v be s(-7). Let q = 93 - 31. Let z = q - v. What is the tens digit of z?
1
Let j = 30 - 44. Let f be (539/j)/(2/(-8)). Let n = f - 102. What is the units digit of n?
2
Suppose 309 = 10*o - 161. What is the units digit of o?
7
Let s = 10 - -5. Let y(q) = 4*q + 8. Let c be y(s). Suppose 0 = 2*w - 2*d - c, w - 3*d - 71 = -w. What is the units digit of w?
1
Suppose 0 = 4*a - 5*u - 20, 3*a - 3*u = -0*u + 15. Let k(j) = j**3 + j**2 + 6*j - 12. Let p be k(a). Suppose x = -2*x + p. What is the tens digit of x?
5
Suppose -3*k + 16*w = 15*w - 8063, -4*k - w = -10753. What is the hundreds digit of k?
6
Suppose -22*w + 29*w = -560. What is the tens digit of ((-620)/w)/(1/20)?
5
Let c = 5 + -7. Let m be (-38)/133 - c/7. What is the units digit of (2 + (0 - m))*4?
8
Suppose -1 = 2*s - 17. Suppose -30 = -s*c + 3*c. Suppose 5*b + 5 = 5*t, -2*b - 3*t + 2 = -c*b. What is the units digit of b?
1
Let d be (-3313)/(-3) + 1 + (-7)/21. Suppose -10*q - d = -3305. What is the units digit of q?
0
Let k = 502 - 75. What is the hundreds digit of k?
4
Let t = 1184 - -155. What is the hundreds digit of t?
3
Let n(r) = -8*r - 5. Let d be n(-14). Suppose 2*y - 179 = 5*o, -d - 171 = -3*y - 2*o. What is the units digit of y?
2
Suppose -26*p + 105133 = -3*p. What is the units digit of p?
1
Let t be (-1 - (-5 + 0))*1. Suppose -t = -2*j, 5*y - 27 = j - 4. What is the units digit of y?
5
What is the thousands digit of ((-72)/24)/(27291/(-13641) - -2)?
4
Suppose b - 571 = 3*f - 4*f, b = -4. What is the hundreds digit of f?
5
Let v(z) = 12*z**2 - 3*z - 8*z + z - z**3 + 2. Let g = 53 - 42. What is the units digit of v(g)?
3
Suppose -20*i + 75771 + 9809 = 0. What is the hundreds digit of i?
2
Suppose 0*n + 3*n = 84. Suppose 2*l - 3*b + 2 = n, 5*l + 5*b = 65. Suppose 86 = l*r - 11*r. What is the tens digit of r?
4
What is the units digit of ((-10)/(-45)*-258)/(4/(-24))?
4
Suppose 0 = -q + 4*o - 93 - 19, -q = 5*o + 85. Let v = 198 + q. What is the tens digit of v?
9
Let q(m) = -m**3 + 4*m**2 - 3*m + 2. Let b be q(2). What is the units digit of 4 - 35/10 - (-582)/b?
6
Suppose -f - f + 676 = 0. Let a = f + -213. What is the tens digit of a?
2
Let a be ((-3)/(-2))/((-9)/(-24)). Let y(w) = -3 - 3 - 3*w + 5*w + w. What is the units digit of y(a)?
6
Suppose 3*q + 499 = j, -8 = -q + 5*q. What is the hundreds digit of j?
4
Let r = 601 - 493. What is the units digit of r?
8
Suppose 4*t + 2*c = 1370, c = -t + 6*t - 1709. What is the tens digit of t?
4
What is the hundreds digit of (1 + 38 + -7 + 3)*40?
4
Suppose 27*l - 8008 = 23*l. What is the hundreds digit of l?
0
Let s = 120 - 81. Let m(a) = a**3 - 5*a**2 + 5*a. Let l be m(4). Suppose -4 = 2*v, -l*q - 5*v + 47 + s = 0. What is the units digit of q?
4
Let g(z) = -z**3 - 6*z**2 + 2*z + 5. Let h be g(-4). Suppose -130 = -4*r + 110. Let w = h + r. What is the tens digit of w?
2
Suppose 4 = b + 3*b. Let j(a) = 7*a**3 + 9*a - 6*a - 4*a. What is the units digit of j(b)?
6
Suppose -2*m - 4 = 4*c, 0*m - 2*c = 5*m + 10. Let p be -23*((-6)/m + -4). Suppose 3*h - 3*i + 5 - 26 = 0, -5*h + 2*i = -p. What is the units digit of h?
3
Let n = -3 - -7. Suppose 3*o + 156 = n*t + 4*o, -204 = -5*t + o. What is the tens digit of t?
4
Let m(v) = 4*v - 3. Let q(t) = -t**3 - 4*t**2 - t + 1. Let i(d) = -d**3 + 6*d**2 + 5*d + 10. Let o be i(7). Let h be q(o). What is the units digit of m(h)?
7
Let j(i) = 41*i - 1. Suppose 0 = -2*u + 12 - 2. Suppose 2*p + 3 - 4 = 3*c, -c - 9 = -u*p. What is the tens digit of j(c)?
4
Let c be ((-2)/(-4))/((-2)/(-20)). Suppose -c*h = -9*h + 2032. What is the units digit of 2/(-7) + h/14?
6
Let h(c) = -5*c**2 + 2*c + 2. Let y be h(2). Let z(f) be the second derivative of f**5/20 + 13*f**4/12 - 3*f**3 - 7*f**2/2 + f. What is the units digit of z(y)?
9
Suppose -2*v + 16*v - 10206 = 0. What is the units digit of v?
9
Suppose 6*h - 16 + 76 = 0. What is the units digit of h/(-4)*12/10?
3
Let n(p) = 4*p**3 - 10*p**2 + 2*p - 21. What is the hundreds digit of n(6)?
4
Let g(f) = -f**3 + 9*f**2 + 13*f - 18. What is the tens digit of g(10)?
1
Let q(f) = 10*f**3 + f**2 - f + 4. Let j be q(2). Let b = j - 73. What is the tens digit of b?
1
Let i(p) = 7*p - 14 - 2*p + 0*p - 8*p. Let n be i(-6). Suppose 0 = n*z - 25 - 187. What is the units digit of z?
3
Let r(c) = c**2 + 16*c - 44. What is the tens digit of r(13)?
3
Let q(c) = -c**3 - c**2 + 2*c - 5. Let w(i) = 4*i - 23. Let u be w(5). What is the units digit of q(u)?
7
Suppose a + 1 = 0, 5*b + 5*a + 193 = 688. Suppose -10*j + 9*j = -b. What is the hundreds digit of j?
1
Let z(x) = -2*x. Let h be z(-1). Suppose 2*o = -h*o + 752. Suppose -p + o = 3*b, -310 = -5*b + p - 2*p. What is the units digit of b?
1
Let m(a) = a**3 - 17*a**2 - a + 20. Let v be m(17). Suppose v*f - 5*f - 321 = -5*h, 128 = 2*h - f. What is the tens digit of h?
6
Suppose 10*z + 8 = 14*z. Suppose 7*t - z*t - 5*n = 265, 0 = -3*t + 2*n + 155. What is the units digit of t?
9
Let q = 23 + -23. Let t be (-7 - q)*(-126)/49. What is the tens digit of (t/(-6))/(6/(-92))?
4
Suppose -2*a = -4*u + 54, -2*a = -3*u - a + 38. Suppose u + 336 = 2*k - 3*v, 0 = -k + 4*v + 186. What is the units digit of k?
6
Let n(k) = k**2 + 7*k + 5. Let q be n(-8). Suppose 2*t - 84 = -14. Let f = t - q. What is the tens digit of f?
2
Suppose -5*r - 30 = 5*p, -r + 34 = -5*p + 10. Let w(u) be the third derivative of u**5/20 + 9*u**2. What is the units digit of w(r)?
3
Suppose 0 = 589*b - 583*b - 15318. What is the units digit of b?
3
Let l(h) = 19*h + 7. Let m(s) = -3*s + 4. Let z be m(0). What is the tens digit of l(z)?
8
Let y be 16 - (-3 + 1)/(-2). Let r = y + -10. Let f(s) = s**2 - 4*s + 3. What is the units digit of f(r)?
8
Let x = -11 + 21. Let m = x - 10. Let f(a) = -a + 37. What is the tens digit of f(m)?
3
Suppose 0 = -p - r + 14, -38 = -p + 3*r + 2*r. Let k = 32 - p. Let g = -13 + k. What is the units digit of g?
1
Let z = -20 + 61. Suppose -221 = -4*a + v, 0 = a - v - 4*v - z. Suppose 18 = 2*r + 4*w - a, r - w = 49. What is the tens digit of r?
4
Suppose 2*j - 1180 = 2*d, -d + 6*d + 15 = 0. What is the tens digit of j?
8
What is the units digit of (-37 - 8)/9 + 1089?
4
Let x(f) = -f**3 - 16*f**2 - 31*f + 7. What is the units digit of x(-14)?
9
What is the hundreds digit of (0 + 7 - 6)/((-1)/(-2537))?
5
Let w be 1 + 0 + (-136)/4. Let s(d) = 12*d**2 - 8*d - 8. Let h be s(7). What is the units digit of h/22 - 6/w?
4
Let a = -748 + 1391. What is the hundreds digit of a?
6
Suppose -759 - 1141 = -5*p. What is the units digit of p?
0
Let l = -291 - -747. What is the units digit of l?
6
Let c(s) = s + 5. Let h be c(-9). Let o = h - -10. Suppose o*d - 15 = d. What is the units digit of d?
3
Let w be -6 + (6 - (-2 - -4)). Let i be 0/((w + 1)*3). What is the tens digit of i - (-46 - (-2)/(-2))?
4
Let q(c) = c + 35. Suppose 1 = -t - 8. What is the units digit of q(t)?
6
Let g be 29/2*(-1 + 3). Suppose 4*a - g = 3*a + 4*j, 2*a - 94 = -j. What is the tens digit of a?
4
Let w be 2 + (-15)/(-2)*-4. What is the units digit of 6*w/((-4)/1)?
2
Let y(p) = 22*p + 94. What is the tens digit of y(8)?
7
Let q(f) = 2*f**2 + 9*f - 2. Let y be (-171)/15 - (-8)/20. What is the tens digit of q(y)?
4
Suppose 8*n - 444 = 212. What is the tens digit of n?
8
Suppose -7*d + 15 = -6. Suppose -5*h + 5*b + 431 = -h, 0 = -d*h + 5*b + 322. What is the tens digit of h?
0
Suppose -3*y - 6 = -5*p, 5*p - 9 = -7*y + 9*y. Let m = 0 - -3. Suppose -129 = -4*z - a, 0 = m*z + z + p*a - 139. What is the units digit of z?
1
Suppose 0 = 8*w - 10*w. Suppose w*c - 5*c = 50. Let f = -7 - c. What is the units digit of f?
3
What is the hundreds digit of ((-8700)/(-36) - -2)/((-1)/(-6))?
4
Let c = -54 - -59. Suppose -36 = -2*m - 2*v, m = 5*m - c*v - 99. What is the tens digit of m?
2
Let h(t) = -1565*t - 51. What is the thousands digit of h(-1)?
1
Let w(o) = o + 7. Let t(l) = -l**2 + 10*l - 9. Let n be t(9). Suppose -2*z - 12 = 2*z, n = -3*q - z + 15. What is the units digit of w(q)?
3
Let b(z) = 2*z**2 + 2*z - 2. Let q be b(-2). What is the tens digit of 4660/90 + q/9?
5
Sup